 is l(4)?
-32
Let m(d) = -d + 8. Determine m(0).
8
Let w(f) = f**3 + 14*f**2 - 16*f - 15. Calculate w(-15).
0
Let j(s) = 2*s**3 + 16*s**2 - 6*s - 6. What is j(-8)?
42
Let d(a) = -44*a + 17. Determine d(2).
-71
Let t(w) = 2*w - 4. Calculate t(8).
12
Let q(k) = 16*k - 1. Determine q(-2).
-33
Let d(q) = q**3 + 7*q**2 + 4*q - 5. Give d(-6).
7
Let f(s) = s**2 - 5*s + 5. What is f(2)?
-1
Let x(i) = -3*i + 11. Give x(-3).
20
Let k(f) = -f**3 + 8*f**2 - 6*f - 6. Calculate k(6).
30
Let a(q) = 59*q**2 - 10*q + 11. Give a(1).
60
Let o(j) = -12*j + 59. Calculate o(3).
23
Let u(p) = 17*p - 135. Determine u(8).
1
Let t(n) = -41*n + 368. Determine t(9).
-1
Let i(b) = -6*b**2 + 5*b + 7. Calculate i(-3).
-62
Let i(z) = z**2 - 7*z - 2. Give i(6).
-8
Let u(a) = 2*a**3 + a**2 + 4*a - 3. What is u(3)?
72
Let v(b) = -4*b**2 + 5*b + 4. What is v(3)?
-17
Let n(s) = -8*s - 68. Calculate n(-9).
4
Let l(g) = -12*g + 99. Determine l(8).
3
Let j(l) = l**2 - 33*l + 62. Give j(31).
0
Let d(k) = -40*k - 180. Determine d(-4).
-20
Let v(t) = -t**2 + 8*t + 4. Determine v(13).
-61
Let y(w) = -4*w**2 + 14*w - 21. Calculate y(6).
-81
Let p(c) = 4*c + 43. Give p(-18).
-29
Let p(f) = 3*f + 7. Determine p(-8).
-17
Let u(j) = 31*j. Determine u(-3).
-93
Let b(m) = -m**3 - 15*m**2 - m - 16. Determine b(-15).
-1
Let z(i) = 2*i**2 + 17*i + 1. Calculate z(-6).
-29
Let m(l) = -2*l**3 - 9*l**2 + 4*l - 4. Give m(-5).
1
Let a(h) = h**2 - 9*h - 26. What is a(11)?
-4
Let t(n) = 3*n + 10. Calculate t(-4).
-2
Let n(f) = f**3 + 30*f**2 + 74. Give n(-30).
74
Let t(r) = 2*r**2 + 17*r - 16. Give t(-11).
39
Let m(s) = 9*s**2 + 2*s. Calculate m(1).
11
Let q(v) = -64*v - 10. Give q(-2).
118
Let l(z) = -3*z + 3. What is l(-10)?
33
Let c(p) = p**2 - 28*p + 106. What is c(23)?
-9
Let d(m) = 2*m**3 - 8*m**2 - 13*m + 9. What is d(5)?
-6
Let u(z) = z**2 + 5*z - 24. Calculate u(-8).
0
Let l(t) = -t**2 + 44*t - 192. Calculate l(5).
3
Let w(d) = 13*d. Give w(-4).
-52
Let i(z) = -4*z + 47. Give i(13).
-5
Let k(h) = 4*h - 8. What is k(4)?
8
Let p(z) = z**2 + 17*z - 19. Give p(-16).
-35
Let l(d) = -d**2 + 13*d + 6. Give l(12).
18
Let w(j) = -6*j + 1. What is w(2)?
-11
Let k(m) = m**3 - 8*m**2 - m + 2. Calculate k(8).
-6
Let y(f) = f**3 + 5*f**2 - f - 2. Determine y(-4).
18
Let b(z) = -2*z**2 + 6*z + 4. Give b(2).
8
Let l(f) = -f + 11. What is l(-9)?
20
Let r(s) = 2*s - 1. Determine r(-1).
-3
Let j(s) = -2*s + 44. Calculate j(5).
34
Let i(g) = -17*g + 5. Determine i(4).
-63
Let q(z) = -2*z**3 - 72*z**2 + z + 41. Calculate q(-36).
5
Let a(k) = k**2 - 14*k + 21. What is a(14)?
21
Let v(b) = -14*b**3 - 1. Calculate v(-1).
13
Let i(k) = 8*k - 62. Determine i(8).
2
Let y(l) = -l**2 + 6*l + 7. What is y(5)?
12
Let u(g) = 16*g + 9. Determine u(0).
9
Let a(b) = b**2 - 6*b + 5. Calculate a(6).
5
Let n(p) = p**2 + 16*p + 49. Determine n(-9).
-14
Let z(y) = y**3 - 12*y**2 - 13*y - 29. Give z(13).
-29
Let l(i) = -i**3 - 15*i**2 + 2*i + 27. Determine l(-15).
-3
Let u(o) = 11*o + 51. Give u(-4).
7
Let k(w) = -10*w + 58. Give k(6).
-2
Let t(q) = -15*q - 2. Determine t(-2).
28
Let j(p) = p**2 + 9*p + 9. What is j(-5)?
-11
Let r(j) = j**3 - 7*j**2 - 3*j + 18. Calculate r(7).
-3
Let c(j) = -j**3 + 4*j**2 + 3*j - 6. Calculate c(4).
6
Let g(r) = -23*r**3 + r - 1. Determine g(-1).
21
Let g(f) = 2*f**2 + 4*f - 4. Calculate g(-4).
12
Let m(y) = 2*y - 7. Determine m(3).
-1
Let u(f) = 2*f**2 - 5*f - 5. Determine u(8).
83
Let z(h) = 3*h**2 - 11*h + 3. Determine z(0).
3
Let c(d) = -d - 33. What is c(0)?
-33
Let x(g) = -13*g**3 - g**2 - 2*g - 1. Determine x(-1).
13
Let k(n) = -3*n + 5. Calculate k(4).
-7
Let v(l) = -6*l**2 - l - 2. Calculate v(-3).
-53
Let d(i) = i**3 - 10*i**2 + 3*i - 12. Give d(10).
18
Let a(t) = -t**3 + 4*t**2 + 2*t - 4. Give a(3).
11
Let t(s) = 11*s - 47. Calculate t(4).
-3
Let s(l) = -l**3 - 10*l**2 + 4*l + 9. Give s(-10).
-31
Let d(m) = -m**2 - 2*m + 3. What is d(5)?
-32
Let j(f) = 2*f**3 - 11*f**2 - 5*f + 27. Give j(6).
33
Let j(b) = b**3 + 7*b**2 + 2*b + 182. Determine j(-9).
2
Let f(q) = -3*q + 8. Calculate f(-2).
14
Let l(y) = y**3 + 9*y**2 + 11*y + 8. Calculate l(-8).
-16
Let u(w) = 11*w**3 + 2*w - 2. What is u(1)?
11
Let i(s) = 17*s**2 + s - 4. Calculate i(-3).
146
Let o(g) = g**2 - 16*g - 11. Give o(17).
6
Let d(y) = y**2 - 4*y + 14. What is d(7)?
35
Let y(b) = 2*b**2 + 21*b - 1. Determine y(-12).
35
Let j(v) = -12*v - 101. Calculate j(-9).
7
Let a(o) = 2*o - 3. Determine a(5).
7
Let x(f) = -f**2 + 5*f + 32. Calculate x(8).
8
Let p(b) = -18*b - 182. Determine p(-10).
-2
Let k(j) = 4*j**2 - 9*j + 7. Calculate k(3).
16
Let g(l) = l**3 + 15*l**2 - l + 5. Determine g(-15).
20
Let t(h) = -50*h + 5. What is t(-3)?
155
Let y(z) = z**3 + 12*z**2 - 16*z - 21. Calculate y(-13).
18
Let d(m) = 3*m**2 + 81*m - 175. Determine d(-29).
-1
Let h(o) = -9*o + 2. Give h(-2).
20
Let f(i) = 36*i - 132. Determine f(4).
12
Let o(f) = 3*f - 113. Give o(35).
-8
Let h(b) = b**3 + 8*b**2 - 4*b - 21. Calculate h(-9).
-66
Let m(r) = 11*r - 9. What is m(16)?
167
Let h(t) = -15*t**2 - 36*t + 2. Determine h(-3).
-25
Let z(b) = -b**3 - 5*b**2 - 5*b - 7. Calculate z(-3).
-10
Let i(f) = f**3 + 4*f**2 + 4*f + 9. Give i(-4).
-7
Let i(x) = 3*x - 9. What is i(6)?
9
Let q(a) = -a**2 - 11*a + 4. What is q(-10)?
14
Let w(v) = -v**2 + 4*v + 12. Give w(-2).
0
Let b(q) = -q**2 + q + 6. Give b(-3).
-6
Let p(y) = y**2 - 2*y. Calculate p(3).
3
Let o(d) = -9*d**2 - 40*d + 20. Calculate o(-5).
-5
Let k(r) = r**3 - 4*r - 3. What is k(-2)?
-3
Let r(f) = f**2 + 8*f + 10. Calculate r(-7).
3
Let q(m) = 20*m + 1. Calculate q(-5).
-99
Let p(s) = s - 5. Give p(3).
-2
Let a(h) = h**2 + 5*h - 21. Give a(6).
45
Let u(z) = -2*z**2 - 11*z - 12. Calculate u(-6).
-18
Let t(q) = 8*q**3 + q**2 - 3*q + 2. What is t(1)?
8
Let y(n) = -16*n**2 + n. Give y(1).
-15
Let a(c) = -c**3 - 7*c**2 - 15*c - 8. What is a(-6)?
46
Let g(k) = 4*k - 12. Determine g(4).
4
Let t(z) = -z**2 - z + 1560. Determine t(-40).
0
Let c(x) = -x**3 + 8*x**2 - 6*x - 2. What is c(6)?
34
Let p(f) = 29*f + 66. Determine p(-2).
8
Let z(h) = 2*h**2 + 10*h + 16. What is z(-9)?
88
Let f(g) = g**2 - 17*g + 10. Give f(9).
-62
Let w(b) = 20*b**2 + 2*b + 1. What is w(-1)?
19
Let p(l) = 3*l + 43. Determine p(-15).
-2
Let x(m) = -m**3 - 10*m**2 - 13*m - 21. Give x(-9).
15
Let f(n) = 34*n + 137. Determine f(-3).
35
Let h(r) = 6*r - 10. Determine h(-1).
-16
Let j(g) = -g**2 - 11*g - 24. Determine j(-5).
6
Let q(m) = m**3 + 3*m**2 - 6*m - 6. Determine q(-4).
2
Let g(o) = -18*o - 236. Calculate g(-13).
-2
Let g(z) = -10*z - 2. What is g(-3)?
28
Let g(i) = -3*i - 12. Determine g(-4).
0
Let a(l) = l**2 - 36*l + 309. What is a(21)?
-6
Let a(w) = -84*w + 4. What is a(-1)?
88
Let o(w) = -3*w + 63. Determine o(19).
6
Let m(g) = -g**3 + 11*g**2 - 20*g + 18. Determine m(9).
0
Let r(p) = p - 34. What is r(4)?
-30
Let m(g) = 4*g - 7. Give m(10).
33
Let p(q) = q**3 + 15*q**2 + 12*q - 24. What is p(-14)?
4
Let y(q) = -q - 9. Determine y(-18).
9
Let d(x) = -4*x - 27. Calculate d(-11).
17
Let i(z) = -3*z + 4. What is i(2)?
-2
Let k(q) = 2*q**3 + 13*q**2 - 23*q + 13. Calculate k(-8).
5
Let r(v) = 2*v**3 - 3*v**2 + 2*v - 4. Give r(2).
4
Let g(b) = -b**2 + 3*b + 50. Determine g(0).
50
Let g(p) = p**2 + p + 12. Give g(0).
12
Let k(c) = c**3 - 7*c**2 + 2*c + 8. Calculate k(7).
22
Let z(n) = n**3 + 5*n**2 - 7*n - 3. What is z(-6)?
3
Let x(j) = -19*j - 2. Give x(1).
-21
Let g(b) = b**2 - 30*b + 2. Calculate g(29).
-27
Let r(d) = -2*d**2 - 17*d - 7. Calculate r(-12).
-91
Let q(g) = g**2 + 2*g - 3. Calculate q(-5).
12
Let c(u) = -3*u - 19. Give c(-5).
-4
Let j(z) = 8*z**2 + 22*z. Determine j(-3).
6
Let t(u) = u**3 + 11*u**2 + 19*u + 216. Determine t(-11).
7
Let h(j) = j - 14. What is h(6)?
-8
Let l(w) = 3*w + 5. Give l(-5).
-10
Let h(o) = 48*o**3 - o**2 - 2*o. Calculate h(-1).
-47
Let r(i) = 10*i + 1. What is r(2)?
21
Let g(i) = i**3 + 4*i**2 + 4*i + 5. What is g(-4)?
-11
Let j(x) = -3*x - 34. Give j(9).
-61
Let z(a) = -a**2 - 14*a - 22. What is z(-12)?
2
Let p(k) = -k**3 + 15*k**2 - 11*k - 5. Determine p(14).
37
Let f(g) = g**2 - 25*g + 29. Give f(22).
-37
Let w(m) = -3*m**2 + 30*m - 21. Determine w(9).
6
Let a(k) = -2*k**2 - 50*k + 55. Calculate a(-26).
3
Let v(n) = -2*n + 11. Calculate v(10).
-9
Let p(q) = -9*q**2 - 13*q + 23. What is p(2)?
-39
